
18
Suppose -u = 3*d - 558, 10*d + 3*u = 6*d + 744. What is the highest common divisor of 24 and d?
6
Suppose 60 = 4*x - 80. Suppose -4*y + x = -205. Calculate the greatest common factor of y and 30.
30
Let w = -4 + 4. Suppose w = 2*b - 4*b + 8. Let n be ((-28)/(-6) + -5)/(2/(-60)). Calculate the highest common divisor of n and b.
2
Let j be 46/2 + 2/2. Let s = -12514 - -12778. Calculate the highest common divisor of j and s.
24
Suppose m - x - 77 = -3*x, 4*m = -4*x + 308. Let f be 104/(-32) + 1/4. Let b(d) = d**2 - d - 5. Let a be b(f). What is the greatest common factor of a and m?
7
Let c be 6/12*-6*-11. What is the greatest common divisor of 143 and c?
11
Suppose 8*g - 355 = 3*g. Calculate the highest common factor of g and 284.
71
Let y = -48 - -116. Let d = -49 + y. Calculate the highest common factor of 228 and d.
19
Suppose -3*q + 432 = q. What is the highest common factor of q and 27?
27
Suppose -72*f + 89*f - 170 = 0. Calculate the greatest common factor of f and 10.
10
Suppose 3*k - 656 = -9*t + 8*t, -5*t = -3*k - 3370. Calculate the highest common divisor of 22 and t.
11
Suppose 2*d = -6, 2*w + d + 0*d - 7 = 0. Suppose 5*b - 4*m = -93, -w*b - m + 11 = 94. Let o = b - -25. What is the highest common factor of o and 40?
8
Let u = -4733 - -4876. Suppose 2*n = -0*n + 104. Suppose b - n = -3*b. What is the greatest common factor of u and b?
13
Let d(t) = 33*t**2 - 179*t - 358. Let n be d(-2). Let s(w) = 12*w**2 - w - 1. Let q be s(-1). What is the highest common divisor of q and n?
12
Let h be 12 - (4 - (-2 - -5)). Suppose 3*f - 41 = -4*g, 0*f = f + 2*g - h. What is the greatest common divisor of f and 171?
19
Suppose 292 = -4*d - i + 1117, 0 = -3*i + 15. Let g = d + -109. Suppose 5*a = -5*l + 60, -3*a = -2*l - l + 36. Calculate the highest common factor of g and l.
12
Let b(o) = o**3 - 4*o**2. Let g be 9/36 + (-15)/(-4). Let r be b(g). Suppose -z - m + 6 = -r*z, 5*m - 12 = z. Calculate the greatest common divisor of z and 33.
3
Let o = -320 + 359. Calculate the highest common divisor of o and 39.
39
Let r(y) = 2*y**3 - 17*y**2 + 2*y + 21. Let h be r(9). What is the highest common divisor of 15 and h?
15
Let s = 141 - 126. What is the greatest common factor of 15 and s?
15
Let r(q) = 3*q. Let o be r(1). Suppose -o*w + w + 14 = 0. What is the greatest common factor of w and 7?
7
Let a = 10 - 22. Let i = a + 33. Let h = 102 - 39. What is the highest common factor of h and i?
21
Let d(y) = -15*y**3 - 6*y**2 - 3*y - 2. Let r be d(-2). What is the greatest common divisor of r and 100?
100
Suppose t - 3 = 3. Let w = 122 - 211. Let k = w + 92. Calculate the greatest common factor of k and t.
3
Let l be 2/((561/220)/(-3) + 25/20). Suppose -4*b - 1 + 9 = 0. What is the highest common divisor of b and l?
1
Suppose -75 + 327 = -4*s. Let i be (-36)/s*7/2. Suppose 5*z - 27 = i*z. What is the highest common divisor of z and 27?
9
Suppose 0 = 18*o - 40216 - 6566. Calculate the greatest common factor of o and 113.
113
Let q(o) = -2*o**2 + 10*o + 17. Let t be q(6). Calculate the greatest common factor of t and 265.
5
Suppose 4*c = 4*z + 4, 4*c + 2*z - 6 = 2*c. Let g be (2*16)/(c/4). What is the greatest common factor of 160 and g?
32
Let y be (-6)/10 - (1 + (-1024)/40). Suppose 3*i + i + 4*h = 652, 0 = -3*h - 15. What is the highest common factor of i and y?
24
Let w(a) = a**2 - 21*a + 26. Let n be w(20). Let b be (22/n)/(5/45). What is the highest common factor of 363 and b?
33
Let w = -289 - -357. What is the greatest common divisor of w and 34?
34
Let l be -3 + -3 + 4 + 42. Let w be 2/(0 + 2/l). Calculate the greatest common factor of w and 16.
8
Let f(z) = z**3 + 6*z**2 + 4. Let v be f(-6). Suppose 2*a - 4*d = -d + 8, 0 = v*a + 3*d + 2. Calculate the highest common divisor of a and 1.
1
Suppose 4*l + 50 = -110. Let w = 46 + l. Calculate the greatest common divisor of 42 and w.
6
Let x be (-12)/(-18) + (-1 - 496/(-12)). Calculate the greatest common divisor of x and 328.
41
Let j = 2 - 0. Suppose j*r - 17 - 9 = 0. Let t be (30/18)/(4/156). What is the greatest common factor of t and r?
13
Let t = -75 - -240. What is the highest common factor of 550 and t?
55
Suppose 5*k + 5*y - 56 = 6*y, -y - 1 = 0. Calculate the greatest common divisor of k and 352.
11
Let d(b) = 30*b + 13*b**3 - 12*b**3 - 23*b. Let v be d(5). Calculate the highest common factor of 32 and v.
32
Let p be (3/2)/(3/28). What is the highest common factor of 34 and p?
2
Let o be 6/2*60*(-828)/(-1242). Let q be 0 - (2 - 3) - -47. Calculate the greatest common factor of q and o.
24
Let g(y) = -8*y**2. Let x be g(-1). Let q(h) = h**2 + 7*h - 4. Let m be q(x). Suppose m*v - 308 = 2*v. What is the greatest common divisor of 14 and v?
14
Suppose 0 = 5*z - 2*z - 3, -z = g - 3. Let j(s) = 4*s**2 - 3*s + 5. Let n be j(g). What is the greatest common divisor of 165 and n?
15
Suppose -8*r + 217 = -r. Suppose 0 = -6*a + 757 - 13. Calculate the greatest common divisor of a and r.
31
Suppose -6*o - 25 = -11*o. Suppose 5*i - 67 = -0*t - t, o*t = 5*i - 85. Calculate the highest common divisor of i and 14.
14
Let r be (-10)/4*-6*3. Suppose o - 1124 + 541 = -565. What is the highest common factor of r and o?
9
Let q = -11 + 8. Let h(y) = -5*y + 7. Let p be h(q). Suppose -992 = -5*l - 2*g - 0*g, -796 = -4*l - 4*g. Calculate the highest common divisor of p and l.
22
Let n = -11 + 3. Let b be (14/n)/(-7)*4. Calculate the highest common divisor of b and 3.
1
Let y be 15/4 + 5/20. Suppose 0 = 5*s, 0*d - y*d = 4*s - 432. Calculate the greatest common factor of 12 and d.
12
Suppose 2*u - 3*u = -4*h + 23, -5*h = 2*u - 32. Let p = 2679 + -2631. Calculate the greatest common factor of p and h.
6
Let d = -677 - -717. What is the highest common divisor of 110 and d?
10
Suppose x - 9 = 1. Let m be x/30 + 46/6. Suppose -5*j - 193 = -3*a, 0 = 5*a - a - 4*j - 244. What is the highest common factor of m and a?
8
Let z be (2 - -3 - -656) + 7. What is the greatest common divisor of z and 8?
4
Let q = -334 - -398. Calculate the highest common factor of 32 and q.
32
Let n(p) be the second derivative of -p**3 - 4*p**2 + 5*p. Let u be n(-6). What is the highest common divisor of u and 4?
4
Let r = 44 + -31. Suppose -r = x - 85. Let p(k) = 2*k + 6. Let z be p(6). What is the highest common divisor of z and x?
18
Let b = 26 - -3. Suppose -2020 = -8*r + 4*r. Let g = r + -302. What is the greatest common factor of b and g?
29
Let y = 688 + -485. What is the greatest common factor of 28 and y?
7
Let c = -70 + 110. Suppose 24*p = 20*p + 40. Calculate the highest common divisor of c and p.
10
Let q(o) = 5*o**2 - 38*o - 27. Let u be q(18). What is the greatest common divisor of u and 101?
101
Suppose -3*y + 2*d = -7*y + 18, 0 = 4*d - 4. Let b be 1*11*4/y. Let c(h) = 5*h**2 + 4*h - 6. Let u be c(-5). What is the highest common factor of b and u?
11
Let l(r) = 3*r - 1. Let f(q) = 4*q - 1. Let p(t) = 5*f(t) - 4*l(t). Let b = 71 - 53. Let m be p(b). Calculate the greatest common factor of 13 and m.
13
Let h = -87 - -152. Suppose -16 = -p - f, 5*p - 51 - h = 4*f. Suppose 0 = -2*x + 5*g + 28, 4 = -x + 4*x + 2*g. Calculate the highest common factor of p and x.
4
Suppose 21*r - 223 = -13. Calculate the greatest common divisor of 2 and r.
2
Suppose 2*o - 6*o + 20 = 0. Suppose 3*b - j = -38, -b + 5*b + o*j = -76. Let i be (b + 0)/((-2)/1). Calculate the highest common divisor of 7 and i.
7
Let v be (-4 + -572)/(-4) + (2 - 1). Suppose 5*x = 25, -3*x = -5*l - 30 + v. What is the highest common factor of 52 and l?
26
Suppose -82*j = -2377 - 1067. What is the highest common factor of j and 112?
14
Let v = -19 - -28. Let y be (432/40)/((-6)/(-15)). Calculate the highest common factor of v and y.
9
Let b(w) be the first derivative of w**4/4 + 3*w**3 - 11*w**2/2 - 7*w - 12. Let j be b(-10). Calculate the highest common divisor of 9 and j.
3
Suppose 10 = 5*r - 5. Suppose -2*s = -2*a + 22, 0 = 3*a - 8*a + r*s + 57. Calculate the greatest common divisor of a and 1.
1
Suppose 2*a = -3*z + 17, 3*z + 3 + 0 = 3*a. Suppose 4*r = 5*p - 14, -z*p + 1 = 3*r + 2*r. Calculate the highest common divisor of p and 2.
2
Let l(q) = q**2 + 8*q + 19. Let c be l(-9). Suppose v - 15 = 27. What is the greatest common divisor of v and c?
14
Let s(b) = 43*b + 12. Let i be 